ded by 7819?
95
What is the remainder when 1997401 is divided by 665791?
28
What is the remainder when 3954656 is divided by 4931?
4925
Calculate the remainder when 9857003 is divided by 344.
27
What is the remainder when 85489 is divided by 3164?
61
Calculate the remainder when 40499 is divided by 4306.
1745
What is the remainder when 66765 is divided by 2114?
1231
Calculate the remainder when 113982 is divided by 8141.
8
Calculate the remainder when 1438049 is divided by 15.
14
What is the remainder when 395961 is divided by 1218?
111
Calculate the remainder when 1104053 is divided by 1242.
1157
What is the remainder when 1493742 is divided by 373396?
158
Calculate the remainder when 135796 is divided by 11301.
184
Calculate the remainder when 99786 is divided by 1385.
66
Calculate the remainder when 249032 is divided by 1598.
1342
What is the remainder when 838224 is divided by 5111?
20
Calculate the remainder when 32741722 is divided by 6548341.
17
Calculate the remainder when 18214986 is divided by 4.
2
Calculate the remainder when 160189 is divided by 1457.
1376
What is the remainder when 857176 is divided by 661?
520
Calculate the remainder when 7683586 is divided by 276.
22
What is the remainder when 1267641 is divided by 440?
1
Calculate the remainder when 385330 is divided by 808.
722
Calculate the remainder when 14910989 is divided by 65.
54
Calculate the remainder when 2238697 is divided by 248744.
1
What is the remainder when 2117877 is divided by 13072?
213
Calculate the remainder when 56563488 is divided by 111.
108
Calculate the remainder when 1959800 is divided by 888.
872
Calculate the remainder when 40621118 is divided by 193.
22
What is the remainder when 138075507 is divided by 968?
955
What is the remainder when 1847 is divided by 1728?
119
What is the remainder when 11322936 is divided by 96777?
27
Calculate the remainder when 245847 is divided by 2961.
84
What is the remainder when 8586114 is divided by 112975?
14
Calculate the remainder when 6063538 is divided by 21.
19
Calculate the remainder when 45379425 is divided by 11344856.
1
What is the remainder when 14124 is divided by 11786?
2338
What is the remainder when 54490 is divided by 61?
17
Calculate the remainder when 1469621 is divided by 322.
13
What is the remainder when 85885 is divided by 28583?
136
What is the remainder when 53045 is divided by 4930?
3745
Calculate the remainder when 92536081 is divided by 283853.
3
Calculate the remainder when 10240 is divided by 2592.
2464
What is the remainder when 1363308 is divided by 103?
0
What is the remainder when 27902 is divided by 1225?
952
Calculate the remainder when 2321529 is divided by 36849.
42
What is the remainder when 228381 is divided by 76028?
297
What is the remainder when 15654372 is divided by 3913592?
4
What is the remainder when 692210 is divided by 1225?
85
What is the remainder when 259543 is divided by 4716?
163
What is the remainder when 166839 is divided by 66?
57
What is the remainder when 4424022 is divided by 2077?
12
Calculate the remainder when 98098 is divided by 6989.
252
Calculate the remainder when 362007 is divided by 448.
23
What is the remainder when 120280405 is divided by 151?
147
What is the remainder when 2513906 is divided by 2513839?
67
What is the remainder when 6399581 is divided by 34?
33
What is the remainder when 41915 is divided by 2794?
5
Calculate the remainder when 2114675 is divided by 6716.
5851
Calculate the remainder when 747850 is divided by 10355.
2290
Calculate the remainder when 15791402 is divided by 251.
239
What is the remainder when 171899 is divided by 35?
14
Calculate the remainder when 493862 is divided by 58.
50
Calculate the remainder when 255561 is divided by 4622.
1351
What is the remainder when 20410735 is divided by 1133929?
13
Calculate the remainder when 2769683 is divided by 154.
147
Calculate the remainder when 776951 is divided by 776753.
198
What is the remainder when 1776859 is divided by 281?
96
Calculate the remainder when 433878 is divided by 4874.
92
What is the remainder when 13916 is divided by 443?
183
What is the remainder when 1699659 is divided by 424894?
83
Calculate the remainder when 1006165 is divided by 335288.
301
Calculate the remainder when 4771449 is divided by 367034.
7
What is the remainder when 16582058 is divided by 444?
434
What is the remainder when 4021109 is divided by 1005275?
9
Calculate the remainder when 2108378 is divided by 2429.
6
What is the remainder when 8473876 is divided by 81?
61
What is the remainder when 6821 is divided by 2968?
885
What is the remainder when 41905030 is divided by 511?
475
What is the remainder when 4683793 is divided by 2241?
103
Calculate the remainder when 281196 is divided by 3794.
440
What is the remainder when 3514908 is divided by 519?
240
What is the remainder when 11806378 is divided by 31909?
48
What is the remainder when 3869871 is divided by 111?
78
Calculate the remainder when 26809198 is divided by 55.
53
What is the remainder when 11794 is divided by 320?
274
What is the remainder when 112936 is divided by 56372?
192
What is the remainder when 360550 is divided by 3284?
2594
What is the remainder when 994862 is divided by 2819?
2574
What is the remainder when 1045812 is divided by 1838?
1828
Calculate the remainder when 89750601 is divided by 111.
108
What is the remainder when 1048700 is divided by 33816?
404
What is the remainder when 46831 is divided by 2908?
303
What is the remainder when 152983091 is divided by 44?
19
Calculate the remainder when 5232015 is divided by 2615935.
145
Calculate the remainder when 777913 is divided by 86434.
7
Calculate the remainder when 26480 is divided by 2911.
281
What is the remainder when 101550 is divided by 2416?
78
What is the remainder when 3437966 is divided by 6096?
5918
Calculate the remainder when 1139243 is divided by 482.
277
What is the remainder when 1498797596 is divided by 299?
296
What is the remainder when 257096 is divided by 23324?
532
What is the remainder when 16197528 is divided by 1799724?
12
What is the remainder when 658668 is divided by 1084?
680
What is the remainder when 303874 is divided by 92?
90
What is the remainder when 579688417 is divided by 7822?
7819
Calculate the remainder when 8762207 is divided by 1456.
1455
What is the remainder when 461676 is divided by 2870?
2476
What is the remainder when 1143746 is divided by 6685?
611
Calculate the remainder when 57179 is divided by 42.
17
Calculate the remainder when 2233774 is divided by 1934.
4
What is the remainder when 3606345 is divided by 47?
35
What is the remainder when 8430695 is divided by 69?
68
Calculate the remainder when 4409955 is divided by 410.
405
What is the remainder when 26387 is divided by 632?
475
Calculate the remainder when 320663 is divided by 16877.
0
Calculate the remainder when 7724715 is divided by 7724679.
36
Calculate the remainder when 170598 is divided by 56835.
93
What is the remainder when 8195551 is divided by 4097744?
63
Calculate the remainder when 113585 is divided by 5979.
5963
What is the remainder when 6833801 is divided by 58912?
9
What is the remainder when 1625790 is divided by 3?
0
Calculate the remainder when 617188 is divided by 10.
8
What is the remainder when 88644794 is divided by 425?
419
What is the remainder when 99310 is divided by 81?
4
What is the remainder when 1295274 is divided by 1804?
2
What is the remainder when 93147194 is divided by 13?
10
What is the remainder when 3716516 is divided by 1238825?
41
What is the remainder when 28196 is divided by 1466?
342
Calculate the remainder when 124405415 is divided by 1908.
1907
What is the remainder when 184005366 is divided by 9?
6
Calculate the remainder when 23555 is divided by 5564.
1299
What is the remainder when 4142323 is divided by 514?
511
What is the remainder when 692262146 is divided by 1589?
1584
What is the remainder when 1743230 is divided by 871603?
24
Calculate the remainder when 9955 is divided by 44.
11
Calculate the remainder when 403503 is divided by 336.
303
What is the remainder when 197050 is divided by 2582?
818
What is the remainder when 178756191 is divided by 4?
3
What is the remainder when 2233098 is divided b